 b?
6
Let g(b) = b**2 + 80*b + 180. What is the units digit of g(36)?
6
Let w = -19739 + 58568. What is the thousands digit of w?
8
Suppose -6*g = g - 5*o + 7*o - 205863, 5*o = 0. What is the ten thousands digit of g?
2
Let c(y) = y**2 + 2*y + 17. Let z(p) = 2*p**3 + p**2 - 3*p - 3. Let l be z(3). Let g = 43 - l. What is the tens digit of c(g)?
6
Let q(l) = -l**3 + 13*l**2 - 7*l + 6. Let n be -3*2/4*280/(-42). What is the tens digit of q(n)?
3
Let x(f) = 4*f - 8. Let n be (-3)/2*(-70)/21. Suppose n*l + 3 = 28. What is the tens digit of x(l)?
1
Let x be (-1 - (2 + -1))*(1 - 3). Suppose x*c = -b + 21, -2*c + 5*b + 9 = -3*c. Suppose -c*s + 4*g + 994 = -s, s + 2*g = 196. What is the tens digit of s?
9
Suppose 3*g - 1093 = -4*h, -2*g - 3*h + 407 + 320 = 0. What is the hundreds digit of g?
3
Suppose -51 = -5*q + 5*w + 14, -2*w = 5*q - 58. Let x be (-75)/(-20) - q/16. Suppose 2*t - 4*a - 114 = 0, -42 = -4*t + x*t - a. What is the tens digit of t?
4
Let y(d) be the third derivative of d**6/120 - d**5/3 + 23*d**4/24 + 37*d**3/6 + 62*d**2. Let o be -1*(-15 + (-16)/4). What is the units digit of y(o)?
3
Let b(p) = 15*p**3 + 33*p**2 - 16*p**3 + 8*p**3 - 57 - 58*p - 8*p**3. What is the tens digit of b(31)?
6
Let h(b) = b - 8*b**3 + 93 - 3*b**3 - 16*b**3 + 28*b**3 + 10*b**2. What is the hundreds digit of h(-9)?
1
Let p(a) = 10*a**2 - 31*a - 548. What is the thousands digit of p(-44)?
0
Suppose 24*p + 3*l + 966 = 27*p, 2*p + 3*l - 619 = 0. Let y(w) = 14*w**2 - 2*w - 2. Let a be y(4). Let c = p - a. What is the units digit of c?
3
Let g(w) = -45*w - 34. Let l(c) = -c + 1. Let v(b) = g(b) - 6*l(b). Let d(o) = -2*o**2 + 16*o + 684. Let m be d(-15). What is the units digit of v(m)?
4
Let b(k) = k + 11. Let j be b(-6). Suppose -7*o = t - 5*o - 203, -j*o = 3*t - 613. What is the units digit of t?
1
Let b(a) = 7341*a + 120. What is the thousands digit of b(1)?
7
Let k(g) = 9*g**2 - g - 657. What is the hundreds digit of k(44)?
7
Let x = -12 + 39. Let z be 129*(30/x)/(-5)*-6. Let n = z - 24. What is the tens digit of n?
4
Suppose -p + 47233 = 3*j, 5*p + 9066 = j - 6657. What is the hundreds digit of j?
7
Let q be (-1045)/950 + 16/10 - 113/(-2). Let l = 119 + -81. Suppose -x = -w + l, -4*w + 99 + q = -5*x. What is the units digit of w?
4
What is the hundreds digit of 160980/210*21/6?
6
Let s(y) = -462*y + 1587. What is the thousands digit of s(-26)?
3
Let w(v) = v**2 - 6*v - 97. Let a be w(-30). Suppose 553 = 8*l - a. What is the hundreds digit of l?
1
Suppose -4*f = 5*s - 355, -s + 44 = -5*f + 2. Suppose 3*i - s - 80 = 0. What is the tens digit of i?
4
Suppose 29490 = -32*l - 47950. Let y = l + 3617. What is the hundreds digit of y?
1
Let b(k) = -2*k + 5 - 105*k**2 + k**3 + 118*k**2 + 6 + 4*k. What is the hundreds digit of b(-7)?
2
Let l(g) = -g**3 - 2*g**2 + 6*g + 5. Let v be l(-3). Let a be (-62)/v*1 + 21/42. Let x = a - -39. What is the units digit of x?
5
Suppose 0*p = 4*p - 8. Let o be (36/(-8) + p)/((-3)/6). Suppose o*a = -10*a + 945. What is the units digit of a?
3
Let h be ((-7)/(-28))/(1/12). Let u be (-211)/4 + (-3)/(-4). What is the tens digit of u/h*(-24)/16?
2
Let z(x) = -x - 1. Let m(d) = -10*d - 6. Let i(g) = -2*m(g) + 22*z(g). Let r be i(-3). What is the tens digit of (3/r*-2)/((-6)/(-128))?
3
Let b(k) = -k**3 + 41*k**2 + 53*k + 160. What is the ten thousands digit of b(27)?
1
Suppose -9*o + 10*o + 2321 = 3*a, 3*a - 2306 = -2*o. What is the hundreds digit of a?
7
Let n(g) = g**2 - 17*g + 45. Let w be ((-68)/12 - (-1 + 0))*-3. Let h be n(w). Suppose -h*s + 150 = 2*s. What is the units digit of s?
0
Suppose -124*i - 1236603 = -5883999. What is the thousands digit of i?
7
Let s(f) = 232*f + 9 + 10 - 245*f + 14 + f**2. Let j be s(10). Suppose 273 - j = 9*w. What is the tens digit of w?
3
Let a(y) = -2*y**3 - 75*y**2 - 68*y + 147. What is the tens digit of a(-39)?
6
Let j be (22/(-4))/(8/16). Let k(d) = d**2 + 13*d + 25. Let f be k(j). Suppose -5*y - q + 475 = 0, -f*y - 2*y = -5*q - 505. What is the units digit of y?
6
Let v = -102 + 105. Suppose -3 = -3*t + v*s, 2*s = -3*t - t - 8. Let m(h) = 22*h**2 + 3*h + 2. What is the tens digit of m(t)?
2
Suppose 93 = 17*p - 2661. Suppose p = x - 2*a, -5*a + 870 = 8*x - 3*x. What is the hundreds digit of x?
1
Let r be -2 - 1 - 8/(56/(-10801)). Suppose -7*v + 0*v = -r. What is the hundreds digit of v?
2
What is the thousands digit of 51*(-3094)/42*-11?
1
Suppose 0*i + 6 = 2*i. Suppose -750 = -i*d - 5*k, -d - k = -3*k - 239. Let n = -122 + d. What is the tens digit of n?
2
Suppose 0 = -5*g - 4*u - 7, g + 8*u - 1 = 6*u. What is the units digit of (880/6)/(g/(-54)*6)?
0
Suppose 4*k = -3*l + 37, -4*l + 6 = -3*k - 10. Let p be ((-10)/2)/(-3 + l + -3). What is the tens digit of ((70/(-8))/p)/(3/72)?
4
Suppose -13*r - 11*r + 70392 = 0. Let c = r + -1182. What is the units digit of c?
1
Let b = 1118 - 632. Let a = 686 - b. What is the hundreds digit of a?
2
Suppose -n - 1 = 1. Let h be n + (0 - 1)*17. Let d = -14 - h. What is the units digit of d?
5
Let l(s) = 46 - 9*s + 128 + 66 + 73 + 123. What is the tens digit of l(0)?
3
What is the units digit of (-2 - 6779)*6/(-6)?
1
Let i(g) = 22*g - 2. Suppose -172 - 94 = -7*l. Let n = -37 + l. What is the units digit of i(n)?
0
Let a = 76 + 2937. What is the tens digit of a?
1
Suppose 0 = 3*h - 18265 - 99848. What is the tens digit of h?
7
Let k be 20/40 + 2 + (-86)/(-4). What is the units digit of (-2451*k/36)/(-1*2)?
7
Let o = 42997 + -28159. What is the thousands digit of o?
4
Suppose -4*r + 3*q = -117070, 90*r + 87804 = 93*r - 3*q. What is the units digit of r?
6
Let b(d) = -333*d - 370. What is the units digit of b(-4)?
2
Let p = -3517 - -9887. What is the units digit of p?
0
Let w = -35503 - -112295. What is the ten thousands digit of w?
7
Let j be (1 - (-13102)/(-12)) + (-6)/36. Let s = 1735 + j. What is the hundreds digit of s?
6
Let r = -34 + 162. Let s = r + -121. Suppose 0 = -2*d + s*d - 1085. What is the hundreds digit of d?
2
Let x = 200 - 197. Suppose -4 = -7*j + x*j, 272 = 2*w + 4*j. What is the units digit of w?
4
Suppose -4*s = -5*g - 77763, -2*s = 18*g - 13*g - 38859. What is the hundreds digit of s?
4
What is the units digit of (0/(-2) - 168/(-72))*21?
9
Let a(g) = 9*g**3 - 16 + 30 - 16 - 10 + 6*g**2 + g. What is the hundreds digit of a(4)?
6
Suppose -5*f - 3*l = -34757, 27*f - 5*l = 26*f + 6957. What is the hundreds digit of f?
9
What is the units digit of (-176 + -4)*4/(4/(-131))?
0
Let p(q) = -q**3 + q**2 + 4*q + 123. Let k be p(0). Suppose -k = -2*h + 425. Suppose 203 = 3*d - h. What is the tens digit of d?
5
Let n(j) = j**3 - 13*j**2 + 13*j - 5. Let r be n(12). Let l(y) = 8*y**2 - 2*y + 31. What is the units digit of l(r)?
9
Let n(g) = -2 - 4*g**2 - 15*g + 3*g + 3*g**2. Let b(a) = -8*a - 179. Let z be b(-21). What is the units digit of n(z)?
9
Let q(x) = 266*x + 1999. What is the hundreds digit of q(26)?
9
Let k = 111171 + -53474. What is the thousands digit of k?
7
Suppose 2*d = 6 - 22. Let s = -216 + 186. What is the units digit of d/(-10) - 5226/s?
5
Let d(v) = v**3 + 4*v**2 - 22*v + 6. Let u be d(-7). Suppose u*c = -155 + 10269. What is the hundreds digit of c?
7
Let k(r) be the first derivative of r**3/3 - 4*r**2 - 25*r + 19. What is the hundreds digit of k(16)?
1
Let y = -101 + 664. Suppose -3*w + 1703 = -0*w - 4*x, -w - x + y = 0. What is the units digit of w?
5
Suppose 0 = -221*d + 1970011 + 1645244 - 957067. What is the thousands digit of d?
2
Suppose -224142 - 307648 = -71*q. What is the units digit of q?
0
Let z = 173 - 178. What is the hundreds digit of (z - -1)/((-16)/608)?
1
Let z be -6*(-1)/(-1)*(-1)/2. Suppose 2*j + 246 = z*j - 5*i, -4*j + 899 = -3*i. Let u = j - 64. What is the tens digit of u?
5
Let h(z) be the first derivative of z**4 - 2*z**3/3 - z**2 - 8. Let u be h(-1). What is the units digit of u/(-2)*48/3?
2
Let c = 295 - 239. Let p = c - 24. What is the units digit of p?
2
Let s be 3 - (-13)/(39/(-6)). What is the tens digit of 3 - 3 - (s - 2) - -422?
2
Suppose 81*i - 35063 = 74*i. What is the thousands digit of i?
5
Suppose -4*x + c = -15, 0 = 2*x - 3*c - 1 - 4. Suppose -9*k + 5 + x = 0. Suppose -q - o = -132, o - 2 = -k. What is the hundreds digit of q?
1
Suppose 61*b - 98 = 12*b. Let n be 1902/7 + (-4)/(-14). Suppose -n - 34